{"id":55,"date":"2016-06-13T15:48:45","date_gmt":"2016-06-13T15:48:45","guid":{"rendered":"http:\/\/sw-themes.com\/porto_dummy\/?page_id=55"},"modified":"2025-01-14T17:15:02","modified_gmt":"2025-01-14T14:15:02","slug":"about-us","status":"publish","type":"page","link":"https:\/\/www.everestbasim.com.tr\/?page_id=55","title":{"rendered":"Hakk\u0131m\u0131zda"},"content":{"rendered":"<div class=\"wpb-content-wrapper\"><p>[vc_row wrap_container=&#8221;yes&#8221; el_class=&#8221;pb-5 overflow-hidden&#8221;][vc_column width=&#8221;3\/4&#8243; el_class=&#8221;mx-md-auto&#8221; animation_type=&#8221;maskUp&#8221;]<h2 class=\"word-rotator slide short m-t-xxl\" style=\"font-size:24px;line-height:24px;text-align:center;\" data-plugin-options=\"{'waittime': 2500, 'pauseOnHover': false}\"><span class=\"word-rotate-prefix\" style=\"font-weight:700;font-size:24px !important;\">37 Y\u0131ll\u0131k Tecr\u00fcbe ile<\/span> <span class=\"word-rotator-items has-bg\" style=\"color:#ffffff;background:#0088cc;\"><b class=\"active\">Sekt\u00f6r Liderlerine<\/b><\/span> <span class=\"word-rotate-suffix\" style=\"font-weight:700;font-size:24px !important;\">Hizmet Veriyoruz<\/span><\/h2>[vc_column_text css_animation=&#8221;none&#8221; css=&#8221;&#8221; el_class=&#8221;text-center&#8221;]<\/p>\n<p class=\"lead\">Her projede m\u00fc\u015fteri memnuniyetini en \u00fcst d\u00fczeyde tutarak, uzun soluklu i\u015f ortakl\u0131klar\u0131 kuruyoruz. A\u015fa\u011f\u0131da \u00e7al\u0131\u015ft\u0131\u011f\u0131m\u0131z baz\u0131 de\u011ferli m\u00fc\u015fterilerimizden \u00f6rnekleri g\u00f6rebilirsiniz.<\/p>\n<p>[\/vc_column_text][\/vc_column][\/vc_row][vc_row wrap_container=&#8221;yes&#8221; animation_delay=&#8221;&#8221; el_class=&#8221;pb-5&#8243;][vc_column][vc_row_inner][vc_column_inner width=&#8221;1\/3&#8243; animation_delay=&#8221;800&#8243; animation_type=&#8221;fadeInLeft&#8221;]<div class=\"porto-sicon-box  wpb_custom_1efe903570d178ff0a9b7bfa5febd3a4 style_1 left-icon\"><div class=\"porto-sicon-body\"><div class=\"porto-sicon-header\"><h3 class=\"porto-sicon-title\" style=\"font-weight:700;font-size:16.8px;\">M\u0130SYONUMUZ<\/h3><\/div> <!-- header --><div class=\"porto-sicon-description\" style=\"\">M\u00fc\u015fterilerimizin beklentilerini a\u015farak, sekt\u00f6r\u00fcn en g\u00fcvenilir ve yenilik\u00e7i bask\u0131 hizmetleri sa\u011flay\u0131c\u0131s\u0131 olmak. S\u00fcrekli geli\u015fim ve kalite anlay\u0131\u015f\u0131m\u0131zla, T\u00fcrkiye&#8217;de bask\u0131 sekt\u00f6r\u00fcnde lider bir konumda yer almak.<\/div> <!-- description --><\/div><\/div><!-- porto-sicon-box -->[\/vc_column_inner][vc_column_inner width=&#8221;1\/3&#8243; animation_delay=&#8221;600&#8243; animation_type=&#8221;fadeIn&#8221;]<div class=\"porto-sicon-box  wpb_custom_1efe903570d178ff0a9b7bfa5febd3a4 style_1 left-icon\"><div class=\"porto-sicon-body\"><div class=\"porto-sicon-header\"><h3 class=\"porto-sicon-title\" style=\"font-weight:700;font-size:16.8px;\">V\u0130ZYONUMUZ<\/h3><\/div> <!-- header --><div class=\"porto-sicon-description\" style=\"\">37 y\u0131ll\u0131k tecr\u00fcbemiz ve birikimimizle, m\u00fc\u015fterilerimizin ihtiya\u00e7lar\u0131n\u0131 en h\u0131zl\u0131, kaliteli ve \u00f6zenli \u015fekilde kar\u015f\u0131lamak. M\u00fc\u015fteri odakl\u0131 yakla\u015f\u0131m\u0131m\u0131zla her projede en iyi \u00e7\u00f6z\u00fcmleri sunarak her g\u00fcn daha iyi hizmet vermek i\u00e7in kendimizi s\u00fcrekli olarak geli\u015ftirmek.<\/div> <!-- description --><\/div><\/div><!-- porto-sicon-box -->[\/vc_column_inner][vc_column_inner width=&#8221;1\/3&#8243; animation_delay=&#8221;800&#8243; animation_type=&#8221;fadeInRight&#8221;]<div class=\"porto-sicon-box  wpb_custom_1efe903570d178ff0a9b7bfa5febd3a4 style_1 left-icon\"><div class=\"porto-sicon-body\"><div class=\"porto-sicon-header\"><h3 class=\"porto-sicon-title\" style=\"font-weight:700;font-size:16.8px;\">NEDEN B\u0130Z<\/h3><\/div> <!-- header --><div class=\"porto-sicon-description\" style=\"\">Y\u00fcksek kaliteli bask\u0131 hizmetlerimizle ihtiya\u00e7lar\u0131n\u0131za \u00e7\u00f6z\u00fcmler sunuyoruz. Profesyonel ve h\u0131zl\u0131 hizmetlerimizle projenizi en iyi \u015fekilde hayata ge\u00e7irmek i\u00e7in buraday\u0131z. Size en uygun \u00e7\u00f6z\u00fcm\u00fc sunmam\u0131z i\u00e7in l\u00fctfen bizimle ileti\u015fime ge\u00e7in.<\/div> <!-- description --><\/div><\/div><!-- porto-sicon-box -->[\/vc_column_inner][\/vc_row_inner][\/vc_column][\/vc_row][vc_row full_width=&#8221;stretch_row&#8221; wrap_container=&#8221;yes&#8221; is_section=&#8221;yes&#8221; section_skin=&#8221;primary&#8221; remove_margin_top=&#8221;yes&#8221; remove_margin_bottom=&#8221;yes&#8221; remove_border=&#8221;yes&#8221; animation_delay=&#8221;100&#8243; el_class=&#8221;pb-5&#8243; animation_type=&#8221;fadeIn&#8221;][vc_column width=&#8221;1\/4&#8243;]<div class=\"stats-block stats-top  m-b  wpb_custom_a517333ace5b1666c6af8bd4684f1de9\"><div class=\"porto-sicon-top\"><div class=\"porto-just-icon-wrapper porto-icon none\" style=\"color:#ffffff;font-size:25px;\"><i class=\"Simple-Line-Icons-user\"><\/i><\/div><\/div><div class=\"stats-desc\"><div id=\"counter_108902033369e4cb6dd3ce0\" data-id=\"counter_108902033369e4cb6dd3ce0\" class=\"stats-number\" style=\" font-size:35px;line-height:35px;color:#ffffff;\" data-speed=\"3\" data-counter-value=\"2250\" data-separator=\"none\" data-decimal=\".\">0<\/div><div class=\"counter_suffix mycust\" style=\" font-size:35px;line-height:35px;color:#ffffff\">+<\/div><div class=\"stats-text\" style=\"font-size:16.8px;color:#ffffff;\">Mutlu M\u00fc\u015fteri<\/div><\/div><\/div>[\/vc_column][vc_column width=&#8221;1\/4&#8243;]<div class=\"stats-block stats-top  m-b  wpb_custom_a517333ace5b1666c6af8bd4684f1de9\"><div class=\"porto-sicon-top\"><div class=\"porto-just-icon-wrapper porto-icon none\" style=\"color:#ffffff;font-size:25px;\"><i class=\"Simple-Line-Icons-badge\"><\/i><\/div><\/div><div class=\"stats-desc\"><div id=\"counter_141168954769e4cb6dd3dfa\" data-id=\"counter_141168954769e4cb6dd3dfa\" class=\"stats-number\" style=\" font-size:35px;line-height:35px;color:#ffffff;\" data-speed=\"3\" data-counter-value=\"37\" data-separator=\"none\" data-decimal=\".\">0<\/div><div class=\"stats-text\" style=\"font-size:16.8px;color:#ffffff;\">Y\u0131ll\u0131k Tecr\u00fcbe<\/div><\/div><\/div>[\/vc_column][vc_column width=&#8221;1\/4&#8243;]<div class=\"stats-block stats-top  m-b  wpb_custom_a517333ace5b1666c6af8bd4684f1de9\"><div class=\"porto-sicon-top\"><div class=\"porto-just-icon-wrapper porto-icon none\" style=\"color:#ffffff;font-size:25px;\"><i class=\"Simple-Line-Icons-graph\"><\/i><\/div><\/div><div class=\"stats-desc\"><div id=\"counter_179798488369e4cb6dd3eb3\" data-id=\"counter_179798488369e4cb6dd3eb3\" class=\"stats-number\" style=\" font-size:35px;line-height:35px;color:#ffffff;\" data-speed=\"3\" data-counter-value=\"178\" data-separator=\"none\" data-decimal=\".\">0<\/div><div class=\"stats-text\" style=\"font-size:16.8px;color:#ffffff;\">Farkl\u0131 \u00dcr\u00fcn<\/div><\/div><\/div>[\/vc_column][vc_column width=&#8221;1\/4&#8243;]<div class=\"stats-block stats-top  m-b  wpb_custom_a517333ace5b1666c6af8bd4684f1de9\"><div class=\"porto-sicon-top\"><div class=\"porto-just-icon-wrapper porto-icon none\" style=\"color:#ffffff;font-size:25px;\"><i class=\"Simple-Line-Icons-cup\"><\/i><\/div><\/div><div class=\"stats-desc\"><div id=\"counter_57557532469e4cb6dd3f64\" data-id=\"counter_57557532469e4cb6dd3f64\" class=\"stats-number\" style=\" font-size:35px;line-height:35px;color:#ffffff;\" data-speed=\"3\" data-counter-value=\"12\" data-separator=\"none\" data-decimal=\".\">0<\/div><div class=\"stats-text\" style=\"font-size:16.8px;color:#ffffff;\">Farkl\u0131 \u00dclke<\/div><\/div><\/div>[\/vc_column][\/vc_row][vc_row wrap_container=&#8221;yes&#8221; is_section=&#8221;yes&#8221; remove_margin_top=&#8221;yes&#8221; remove_margin_bottom=&#8221;yes&#8221; remove_border=&#8221;yes&#8221; el_class=&#8221;p-t-xxl row-align-items-center&#8221;][vc_column offset=&#8221;vc_col-md-6&#8243; el_class=&#8221;pe-lg-5 mb-sm-5 mb-lg-0&#8243;][vc_custom_heading text=&#8221;Biz <b>Kimiz<\/b>&#8221; font_container=&#8221;tag:h2|font_size:25|text_align:left|line_height:1&#8243; use_theme_fonts=&#8221;yes&#8221; css=&#8221;&#8221; el_class=&#8221;mb-3&#8243;][vc_column_text css=&#8221;&#8221;]<\/p>\n<p class=\"lead\">Everest Bas\u0131m olarak, 37 y\u0131l\u0131 a\u015fk\u0131n bir s\u00fcredir matbaa sekt\u00f6r\u00fcnde faaliyet g\u00f6steriyor ve bu s\u00fcre\u00e7te elde etti\u011fimiz bilgi birikimi ve tecr\u00fcbeyi, m\u00fc\u015fterilerimize en kaliteli hizmeti sunmak i\u00e7in kullan\u0131yoruz.<\/p>\n<p>G\u00fcvenilirlik, kalite ve m\u00fc\u015fteri memnuniyetini temel de\u011ferlerimiz olarak benimseyerek, her proje i\u00e7in \u00f6zenle \u00e7al\u0131\u015f\u0131yor ve uzun soluklu i\u015f ortakl\u0131klar\u0131 kurmaya b\u00fcy\u00fck \u00f6nem veriyoruz. \u00c7e\u015fitli sekt\u00f6rlerden m\u00fc\u015fterilerimize geni\u015f bir hizmet yelpazesi sunarken, markalar\u0131n\u0131 en iyi \u015fekilde yans\u0131tmalar\u0131na katk\u0131 sa\u011flamak en b\u00fcy\u00fck \u00f6nceli\u011fimizdir.Matbaa sekt\u00f6r\u00fcndeki farkl\u0131 ihtiya\u00e7lara y\u00f6nelik \u00e7\u00f6z\u00fcmlerimizi geni\u015f bir hizmet yelpazesi ile sunuyoruz. Everest Bas\u0131m olarak, katalog, dergi, bro\u015f\u00fcr, kutu ve promosyon \u00fcr\u00fcnleri bask\u0131s\u0131nda uzmanla\u015fm\u0131\u015f bir ekibimiz ve modern teknolojilerle donat\u0131lm\u0131\u015f tesislerimizle sekt\u00f6rdeki en iyi hizmeti sa\u011flamay\u0131 ama\u00e7l\u0131yoruz.[\/vc_column_text][\/vc_column][vc_column width=&#8221;1\/2&#8243; offset=&#8221;vc_col-md-offset-2 vc_col-md-4 vc_col-sm-offset-4&#8243; el_class=&#8221;col-sm-8 offset-sm-5 mt-sm-5 pt-sm-5&#8243;][vc_single_image image=&#8221;916&#8243; img_size=&#8221;full&#8221; css=&#8221;.vc_custom_1553090437977{margin-top: 10% !important;margin-left: -54% !important;}&#8221; animation_delay=&#8221;300&#8243; css_animation=&#8221;none&#8221; el_class=&#8221;position-absolute d-none d-sm-block&#8221; animation_type=&#8221;zoomIn&#8221;][vc_single_image image=&#8221;917&#8243; img_size=&#8221;full&#8221; css=&#8221;.vc_custom_1542029951008{margin-top: -26% !important;margin-left: -33% !important;}&#8221; animation_delay=&#8221;100&#8243; el_class=&#8221;position-absolute d-none d-sm-block&#8221; animation_type=&#8221;zoomIn&#8221;][vc_single_image image=&#8221;918&#8243; img_size=&#8221;full&#8221; animation_delay=&#8221;600&#8243; el_class=&#8221;position-relative mb-0&#8243; animation_type=&#8221;zoomIn&#8221;][\/vc_column][\/vc_row][vc_row wrap_container=&#8221;yes&#8221; is_section=&#8221;yes&#8221; remove_margin_top=&#8221;yes&#8221; remove_margin_bottom=&#8221;yes&#8221; remove_border=&#8221;yes&#8221; css=&#8221;.vc_custom_1543505108851{padding-top: 80px !important;}&#8221;][vc_column offset=&#8221;vc_col-md-6&#8243;][vc_custom_heading text=&#8221;Referanslar\u0131m\u0131z&#8221; font_container=&#8221;tag:h2|font_size:25|text_align:left|line_height:1.3&#8243; use_theme_fonts=&#8221;yes&#8221; css=&#8221;&#8221; el_class=&#8221;mb-3&#8243;][vc_column_text css=&#8221;&#8221; el_class=&#8221;lead&#8221;]<\/p>\n<p class=\"lead\">37 Y\u0131ll\u0131k Tecr\u00fcbe ile Sekt\u00f6r Liderlerine Hizmet Veriyoruz<\/p>\n<p>[\/vc_column_text]<div class=\"porto-carousel owl-carousel has-ccols ccols-xl-3 ccols-lg-3 ccols-md-2 ccols-sm-2 ccols-1 hover-effect-3 wpb_custom_c86c2fb53cae9eced42d4b8900a042f3\" data-plugin-options=\"{&quot;themeConfig&quot;:true,&quot;stagePadding&quot;:0,&quot;margin&quot;:0,&quot;autoplay&quot;:false,&quot;mouseDrag&quot;:true,&quot;touchDrag&quot;:true,&quot;autoplayTimeout&quot;:5000,&quot;autoplayHoverPause&quot;:false,&quot;items&quot;:3,&quot;xl&quot;:3,&quot;lg&quot;:3,&quot;md&quot;:2,&quot;sm&quot;:2,&quot;xs&quot;:1,&quot;nav&quot;:false,&quot;dots&quot;:false,&quot;animateIn&quot;:&quot;&quot;,&quot;animateOut&quot;:&quot;&quot;,&quot;loop&quot;:&quot;yes&quot;,&quot;center&quot;:false,&quot;video&quot;:false,&quot;lazyLoad&quot;:false,&quot;fullscreen&quot;:false}\">[vc_single_image image=&#8221;2960&#8243; img_size=&#8221;full&#8221; css=&#8221;&#8221; img_object=&#8221;contain&#8221; img_mwidth=&#8221;{&#8220;xl&#8220;:&#8220;&#8220;,&#8220;unit&#8220;:&#8220;&#8220;,&#8220;xs&#8220;:&#8220;&#8220;,&#8220;sm&#8220;:&#8220;&#8220;,&#8220;md&#8220;:&#8220;&#8220;,&#8220;lg&#8220;:&#8220;&#8220;}&#8221; img_width=&#8221;{&#8220;xl&#8220;:&#8220;&#8220;,&#8220;unit&#8220;:&#8220;&#8220;,&#8220;xs&#8220;:&#8220;&#8220;,&#8220;sm&#8220;:&#8220;&#8220;,&#8220;md&#8220;:&#8220;&#8220;,&#8220;lg&#8220;:&#8220;&#8220;}&#8221; img_height=&#8221;{&#8220;xl&#8220;:&#8220;100&#8220;,&#8220;unit&#8220;:&#8220;&#8220;,&#8220;xs&#8220;:&#8220;&#8220;,&#8220;sm&#8220;:&#8220;&#8220;,&#8220;md&#8220;:&#8220;&#8220;,&#8220;lg&#8220;:&#8220;&#8220;}&#8221;][vc_single_image image=&#8221;2962&#8243; img_size=&#8221;full&#8221; css=&#8221;&#8221; img_object=&#8221;contain&#8221; img_mwidth=&#8221;{&#8220;xl&#8220;:&#8220;&#8220;,&#8220;unit&#8220;:&#8220;&#8220;,&#8220;xs&#8220;:&#8220;&#8220;,&#8220;sm&#8220;:&#8220;&#8220;,&#8220;md&#8220;:&#8220;&#8220;,&#8220;lg&#8220;:&#8220;&#8220;}&#8221; img_height=&#8221;{&#8220;xl&#8220;:&#8220;100&#8220;,&#8220;unit&#8220;:&#8220;&#8220;,&#8220;xs&#8220;:&#8220;&#8220;,&#8220;sm&#8220;:&#8220;&#8220;,&#8220;md&#8220;:&#8220;&#8220;,&#8220;lg&#8220;:&#8220;&#8220;}&#8221;][vc_single_image image=&#8221;2961&#8243; img_size=&#8221;full&#8221; css=&#8221;&#8221; img_object=&#8221;contain&#8221; img_mwidth=&#8221;{&#8220;xl&#8220;:&#8220;&#8220;,&#8220;unit&#8220;:&#8220;&#8220;,&#8220;xs&#8220;:&#8220;&#8220;,&#8220;sm&#8220;:&#8220;&#8220;,&#8220;md&#8220;:&#8220;&#8220;,&#8220;lg&#8220;:&#8220;&#8220;}&#8221; img_height=&#8221;{&#8220;xl&#8220;:&#8220;100&#8220;,&#8220;unit&#8220;:&#8220;&#8220;,&#8220;xs&#8220;:&#8220;&#8220;,&#8220;sm&#8220;:&#8220;&#8220;,&#8220;md&#8220;:&#8220;&#8220;,&#8220;lg&#8220;:&#8220;&#8220;}&#8221;]<\/div><div class=\"porto-carousel owl-carousel has-ccols ccols-xl-3 ccols-lg-3 ccols-md-2 ccols-sm-2 ccols-1 hover-effect-3 wpb_custom_c86c2fb53cae9eced42d4b8900a042f3\" data-plugin-options=\"{&quot;themeConfig&quot;:true,&quot;stagePadding&quot;:0,&quot;margin&quot;:0,&quot;autoplay&quot;:false,&quot;mouseDrag&quot;:true,&quot;touchDrag&quot;:true,&quot;autoplayTimeout&quot;:5000,&quot;autoplayHoverPause&quot;:false,&quot;items&quot;:3,&quot;xl&quot;:3,&quot;lg&quot;:3,&quot;md&quot;:2,&quot;sm&quot;:2,&quot;xs&quot;:1,&quot;nav&quot;:false,&quot;dots&quot;:false,&quot;animateIn&quot;:&quot;&quot;,&quot;animateOut&quot;:&quot;&quot;,&quot;loop&quot;:&quot;yes&quot;,&quot;center&quot;:false,&quot;video&quot;:false,&quot;lazyLoad&quot;:false,&quot;fullscreen&quot;:false}\">[vc_single_image image=&#8221;2964&#8243; img_size=&#8221;full&#8221; css=&#8221;&#8221; img_object=&#8221;contain&#8221; img_mwidth=&#8221;{&#8220;xl&#8220;:&#8220;&#8220;,&#8220;unit&#8220;:&#8220;&#8220;,&#8220;xs&#8220;:&#8220;&#8220;,&#8220;sm&#8220;:&#8220;&#8220;,&#8220;md&#8220;:&#8220;&#8220;,&#8220;lg&#8220;:&#8220;&#8220;}&#8221; img_width=&#8221;{&#8220;xl&#8220;:&#8220;&#8220;,&#8220;unit&#8220;:&#8220;&#8220;,&#8220;xs&#8220;:&#8220;&#8220;,&#8220;sm&#8220;:&#8220;&#8220;,&#8220;md&#8220;:&#8220;&#8220;,&#8220;lg&#8220;:&#8220;&#8220;}&#8221; img_height=&#8221;{&#8220;xl&#8220;:&#8220;100&#8220;,&#8220;unit&#8220;:&#8220;&#8220;,&#8220;xs&#8220;:&#8220;&#8220;,&#8220;sm&#8220;:&#8220;&#8220;,&#8220;md&#8220;:&#8220;&#8220;,&#8220;lg&#8220;:&#8220;&#8220;}&#8221;][vc_single_image image=&#8221;2963&#8243; img_size=&#8221;full&#8221; css=&#8221;&#8221; img_object=&#8221;contain&#8221; img_mwidth=&#8221;{&#8220;xl&#8220;:&#8220;&#8220;,&#8220;unit&#8220;:&#8220;&#8220;,&#8220;xs&#8220;:&#8220;&#8220;,&#8220;sm&#8220;:&#8220;&#8220;,&#8220;md&#8220;:&#8220;&#8220;,&#8220;lg&#8220;:&#8220;&#8220;}&#8221; img_height=&#8221;{&#8220;xl&#8220;:&#8220;100&#8220;,&#8220;unit&#8220;:&#8220;&#8220;,&#8220;xs&#8220;:&#8220;&#8220;,&#8220;sm&#8220;:&#8220;&#8220;,&#8220;md&#8220;:&#8220;&#8220;,&#8220;lg&#8220;:&#8220;&#8220;}&#8221;][vc_single_image image=&#8221;2965&#8243; img_size=&#8221;full&#8221; css=&#8221;&#8221; img_object=&#8221;contain&#8221; img_mwidth=&#8221;{&#8220;xl&#8220;:&#8220;&#8220;,&#8220;unit&#8220;:&#8220;&#8220;,&#8220;xs&#8220;:&#8220;&#8220;,&#8220;sm&#8220;:&#8220;&#8220;,&#8220;md&#8220;:&#8220;&#8220;,&#8220;lg&#8220;:&#8220;&#8220;}&#8221; img_height=&#8221;{&#8220;xl&#8220;:&#8220;100&#8220;,&#8220;unit&#8220;:&#8220;&#8220;,&#8220;xs&#8220;:&#8220;&#8220;,&#8220;sm&#8220;:&#8220;&#8220;,&#8220;md&#8220;:&#8220;&#8220;,&#8220;lg&#8220;:&#8220;&#8220;}&#8221;]<\/div>[\/vc_column][vc_column offset=&#8221;vc_col-md-6&#8243;]<div class=\"porto-carousel owl-carousel has-ccols ccols-1 stage-margin wpb_custom_c86c2fb53cae9eced42d4b8900a042f3\" data-plugin-options=\"{&quot;themeConfig&quot;:true,&quot;stagePadding&quot;:40,&quot;margin&quot;:0,&quot;autoplay&quot;:false,&quot;mouseDrag&quot;:true,&quot;touchDrag&quot;:true,&quot;autoplayTimeout&quot;:5000,&quot;autoplayHoverPause&quot;:false,&quot;items&quot;:1,&quot;xl&quot;:1,&quot;lg&quot;:1,&quot;md&quot;:1,&quot;sm&quot;:1,&quot;xs&quot;:1,&quot;nav&quot;:false,&quot;dots&quot;:false,&quot;animateIn&quot;:&quot;&quot;,&quot;animateOut&quot;:&quot;&quot;,&quot;loop&quot;:false,&quot;center&quot;:false,&quot;video&quot;:false,&quot;lazyLoad&quot;:false,&quot;fullscreen&quot;:false}\"><div class=\"porto-testimonial wpb_content_element   wpb_custom_4760b66c0cbf51ec9a7673f3785bca75\"><div class=\"testimonial testimonial-style-2 testimonial-with-quotes\"><blockquote class=\"testimonial-carousel\" style=\"color:#212529\"><p>\u00c7evre dostu ambalaj \u00e7\u00f6z\u00fcmleri konusunda g\u00f6sterdikleri \u00f6zen ve profesyonellik, firmam\u0131z\u0131n de\u011ferleriyle tamamen \u00f6rt\u00fc\u015ft\u00fc.<\/p>\n<p><\/p><\/blockquote><div class=\"testimonial-author\"><p><a href=\"#\"><strong>Nurullah Ge\u00e7it<\/strong><\/a><span>Sahibi<\/span><\/p><\/div><\/div><\/div><div class=\"porto-testimonial wpb_content_element   wpb_custom_4760b66c0cbf51ec9a7673f3785bca75\"><div class=\"testimonial testimonial-style-2 testimonial-with-quotes\"><blockquote class=\"testimonial-carousel\" style=\"color:#212529\"><p>Everest Bas\u0131m, h\u0131zl\u0131 teslimat ve y\u00fcksek kaliteli bask\u0131lar\u0131 ile beklentilerimizi her zaman a\u015fan bir i\u015f orta\u011f\u0131 oldu.<\/p>\n<p><\/p><\/blockquote><div class=\"testimonial-author\"><p><a href=\"#\"><strong>Mehmet Sayg\u0131<\/strong><\/a><span>Sat\u0131\u015f M\u00fcd\u00fcr\u00fc<\/span><\/p><\/div><\/div><\/div><\/div><div class=\"porto-carousel owl-carousel has-ccols ccols-xl-3 ccols-lg-3 ccols-md-2 ccols-sm-2 ccols-1 hover-effect-3 wpb_custom_c86c2fb53cae9eced42d4b8900a042f3\" data-plugin-options=\"{&quot;themeConfig&quot;:true,&quot;stagePadding&quot;:0,&quot;margin&quot;:0,&quot;autoplay&quot;:false,&quot;mouseDrag&quot;:true,&quot;touchDrag&quot;:true,&quot;autoplayTimeout&quot;:5000,&quot;autoplayHoverPause&quot;:false,&quot;items&quot;:3,&quot;xl&quot;:3,&quot;lg&quot;:3,&quot;md&quot;:2,&quot;sm&quot;:2,&quot;xs&quot;:1,&quot;nav&quot;:false,&quot;dots&quot;:false,&quot;animateIn&quot;:&quot;&quot;,&quot;animateOut&quot;:&quot;&quot;,&quot;loop&quot;:&quot;yes&quot;,&quot;center&quot;:false,&quot;video&quot;:false,&quot;lazyLoad&quot;:false,&quot;fullscreen&quot;:false}\">[vc_single_image image=&#8221;2960&#8243; img_size=&#8221;full&#8221; css=&#8221;&#8221; img_object=&#8221;contain&#8221; img_mwidth=&#8221;{&#8220;xl&#8220;:&#8220;&#8220;,&#8220;unit&#8220;:&#8220;&#8220;,&#8220;xs&#8220;:&#8220;&#8220;,&#8220;sm&#8220;:&#8220;&#8220;,&#8220;md&#8220;:&#8220;&#8220;,&#8220;lg&#8220;:&#8220;&#8220;}&#8221; img_width=&#8221;{&#8220;xl&#8220;:&#8220;&#8220;,&#8220;unit&#8220;:&#8220;&#8220;,&#8220;xs&#8220;:&#8220;&#8220;,&#8220;sm&#8220;:&#8220;&#8220;,&#8220;md&#8220;:&#8220;&#8220;,&#8220;lg&#8220;:&#8220;&#8220;}&#8221; img_height=&#8221;{&#8220;xl&#8220;:&#8220;100&#8220;,&#8220;unit&#8220;:&#8220;&#8220;,&#8220;xs&#8220;:&#8220;&#8220;,&#8220;sm&#8220;:&#8220;&#8220;,&#8220;md&#8220;:&#8220;&#8220;,&#8220;lg&#8220;:&#8220;&#8220;}&#8221;][vc_single_image image=&#8221;2962&#8243; img_size=&#8221;full&#8221; css=&#8221;&#8221; img_object=&#8221;contain&#8221; img_mwidth=&#8221;{&#8220;xl&#8220;:&#8220;&#8220;,&#8220;unit&#8220;:&#8220;&#8220;,&#8220;xs&#8220;:&#8220;&#8220;,&#8220;sm&#8220;:&#8220;&#8220;,&#8220;md&#8220;:&#8220;&#8220;,&#8220;lg&#8220;:&#8220;&#8220;}&#8221; img_height=&#8221;{&#8220;xl&#8220;:&#8220;100&#8220;,&#8220;unit&#8220;:&#8220;&#8220;,&#8220;xs&#8220;:&#8220;&#8220;,&#8220;sm&#8220;:&#8220;&#8220;,&#8220;md&#8220;:&#8220;&#8220;,&#8220;lg&#8220;:&#8220;&#8220;}&#8221;][vc_single_image image=&#8221;2961&#8243; img_size=&#8221;full&#8221; css=&#8221;&#8221; img_object=&#8221;contain&#8221; img_mwidth=&#8221;{&#8220;xl&#8220;:&#8220;&#8220;,&#8220;unit&#8220;:&#8220;&#8220;,&#8220;xs&#8220;:&#8220;&#8220;,&#8220;sm&#8220;:&#8220;&#8220;,&#8220;md&#8220;:&#8220;&#8220;,&#8220;lg&#8220;:&#8220;&#8220;}&#8221; img_height=&#8221;{&#8220;xl&#8220;:&#8220;100&#8220;,&#8220;unit&#8220;:&#8220;&#8220;,&#8220;xs&#8220;:&#8220;&#8220;,&#8220;sm&#8220;:&#8220;&#8220;,&#8220;md&#8220;:&#8220;&#8220;,&#8220;lg&#8220;:&#8220;&#8220;}&#8221;]<\/div>[\/vc_column][\/vc_row]<\/p>\n<\/div>","protected":false},"excerpt":{"rendered":"<p>[vc_row wrap_container=&#8221;yes&#8221; el_class=&#8221;pb-5 overflow-hidden&#8221;][vc_column width=&#8221;3\/4&#8243; el_class=&#8221;mx-md-auto&#8221; animation_type=&#8221;maskUp&#8221;][vc_column_text css_animation=&#8221;none&#8221; css=&#8221;&#8221; el_class=&#8221;text-center&#8221;] Her projede m\u00fc\u015fteri memnuniyetini en \u00fcst d\u00fczeyde tutarak, uzun soluklu i\u015f ortakl\u0131klar\u0131 kuruyoruz. A\u015fa\u011f\u0131da \u00e7al\u0131\u015ft\u0131\u011f\u0131m\u0131z baz\u0131 de\u011ferli m\u00fc\u015fterilerimizden \u00f6rnekleri g\u00f6rebilirsiniz. [\/vc_column_text][\/vc_column][\/vc_row][vc_row wrap_container=&#8221;yes&#8221; animation_delay=&#8221;&#8221; el_class=&#8221;pb-5&#8243;][vc_column][vc_row_inner][vc_column_inner width=&#8221;1\/3&#8243; animation_delay=&#8221;800&#8243; animation_type=&#8221;fadeInLeft&#8221;][\/vc_column_inner][vc_column_inner width=&#8221;1\/3&#8243; animation_delay=&#8221;600&#8243; animation_type=&#8221;fadeIn&#8221;][\/vc_column_inner][vc_column_inner width=&#8221;1\/3&#8243; animation_delay=&#8221;800&#8243; animation_type=&#8221;fadeInRight&#8221;][\/vc_column_inner][\/vc_row_inner][\/vc_column][\/vc_row][vc_row full_width=&#8221;stretch_row&#8221; wrap_container=&#8221;yes&#8221; is_section=&#8221;yes&#8221; section_skin=&#8221;primary&#8221; remove_margin_top=&#8221;yes&#8221; remove_margin_bottom=&#8221;yes&#8221; remove_border=&#8221;yes&#8221; animation_delay=&#8221;100&#8243; el_class=&#8221;pb-5&#8243; animation_type=&#8221;fadeIn&#8221;][vc_column width=&#8221;1\/4&#8243;][\/vc_column][vc_column width=&#8221;1\/4&#8243;][\/vc_column][vc_column [&hellip;]<\/p>\n","protected":false},"author":1,"featured_media":0,"parent":0,"menu_order":0,"comment_status":"closed","ping_status":"closed","template":"","meta":{"_joinchat":[],"footnotes":""},"class_list":["post-55","page","type-page","status-publish","hentry"],"_links":{"self":[{"href":"https:\/\/www.everestbasim.com.tr\/index.php?rest_route=\/wp\/v2\/pages\/55","targetHints":{"allow":["GET"]}}],"collection":[{"href":"https:\/\/www.everestbasim.com.tr\/index.php?rest_route=\/wp\/v2\/pages"}],"about":[{"href":"https:\/\/www.everestbasim.com.tr\/index.php?rest_route=\/wp\/v2\/types\/page"}],"author":[{"embeddable":true,"href":"https:\/\/www.everestbasim.com.tr\/index.php?rest_route=\/wp\/v2\/users\/1"}],"replies":[{"embeddable":true,"href":"https:\/\/www.everestbasim.com.tr\/index.php?rest_route=%2Fwp%2Fv2%2Fcomments&post=55"}],"version-history":[{"count":28,"href":"https:\/\/www.everestbasim.com.tr\/index.php?rest_route=\/wp\/v2\/pages\/55\/revisions"}],"predecessor-version":[{"id":3041,"href":"https:\/\/www.everestbasim.com.tr\/index.php?rest_route=\/wp\/v2\/pages\/55\/revisions\/3041"}],"wp:attachment":[{"href":"https:\/\/www.everestbasim.com.tr\/index.php?rest_route=%2Fwp%2Fv2%2Fmedia&parent=55"}],"curies":[{"name":"wp","href":"https:\/\/api.w.org\/{rel}","templated":true}]}}